e 2, what is 1111110010001101001 + 1?
1111110010001101010
In base 14, what is 56 + 25921?
25977
In base 9, what is -3 + 173443710?
173443706
In base 16, what is -7 - -3430ce6?
3430cdf
In base 6, what is 103145415 - 134?
103145241
In base 4, what is 22322 - 31100001?
-31011013
In base 3, what is -100111001101222 - -122?
-100111001101100
In base 4, what is 100110 + -31232?
2212
In base 13, what is 14a5ac559 - 3?
14a5ac556
In base 12, what is 27b3437 - -25?
27b3460
In base 15, what is 0 + -ab70a?
-ab70a
In base 3, what is -2012220111220 + -22?
-2012220112012
In base 16, what is -2ba6c - -112?
-2b95a
In base 2, what is -10111001000010100010000 - 0?
-10111001000010100010000
In base 7, what is -14 - -4533516?
4533502
In base 15, what is 111e3 - -142?
11335
In base 16, what is 26a + 541b?
5685
In base 14, what is -1d840134 + -1?
-1d840135
In base 7, what is 110 + 14433515?
14433625
In base 16, what is -4 + -bf6731?
-bf6735
In base 10, what is 113 - 197372?
-197259
In base 8, what is -170162 - -41?
-170121
In base 15, what is 2 - 71e013?
-71e011
In base 6, what is 5534 + -4235?
1255
In base 12, what is -513 + -765a5?
-76ab8
In base 7, what is 56 + -11656244?
-11656155
In base 8, what is 27156170 - -7?
27156177
In base 10, what is 1021 + 2505?
3526
In base 16, what is -245c + -c0a?
-3066
In base 9, what is 442835 + 15?
442851
In base 8, what is -123220 + -17065?
-142305
In base 9, what is -3 + -3861736?
-3861740
In base 4, what is 13001332022 - -3?
13001332031
In base 15, what is 2 + 28b3?
28b5
In base 14, what is -28 + -46ad2c?
-46ad56
In base 10, what is -4794 - -5170?
376
In base 10, what is -17765214 + -5?
-17765219
In base 10, what is 286 + 84924?
85210
In base 11, what is 150 - 7017?
-6977
In base 5, what is 1042242 + -1241142?
-143400
In base 7, what is 4266651 + -142?
4266506
In base 11, what is -4a894 - -17?
-4a878
In base 4, what is -2 + -10130322120?
-10130322122
In base 9, what is -8 + -6864554?
-6864563
In base 12, what is 2a5 - -5a9004?
5a92a9
In base 2, what is -101 - 1101111100011010011101?
-1101111100011010100010
In base 2, what is 100 - -101111101000011001?
101111101000011101
In base 15, what is -8e133 - d?
-8e141
In base 7, what is 431 + 10064233?
10064664
In base 9, what is 276 - 311864?
-311577
In base 9, what is -4010730 + 320?
-4010410
In base 12, what is 238233ab - -1?
238233b0
In base 4, what is 1301 + -103013030012?
-103013022111
In base 14, what is 6dc354 - -7?
6dc35b
In base 12, what is 4a - 3645b?
-36411
In base 10, what is 73 + 430783?
430856
In base 5, what is -10433440 - -1000?
-10432440
In base 8, what is -3 + 12106146?
12106143
In base 12, what is 78069 - -78?
78125
In base 5, what is 241244232 + 0?
241244232
In base 3, what is -11102 - 20101200201?
-20101212010
In base 6, what is -23221 - -14455234?
14432013
In base 11, what is 445a221 + 7?
445a228
In base 15, what is 2 - -531a48?
531a4a
In base 3, what is -1102020 - -22100221102?
22022112012
In base 16, what is -59e28c + b?
-59e281
In base 2, what is -1100100011100111011100 + -1?
-1100100011100111011101
In base 3, what is 2112201220 - 2111111?
2110020102
In base 4, what is 21012333123 - -132?
21012333321
In base 6, what is -310244 + 3332?
-302512
In base 6, what is -2501 + 14230535?
14224034
In base 2, what is -10100000011011110 - -111?
-10100000011010111
In base 9, what is -13163667 - -2?
-13163665
In base 4, what is 3200122203 + -221?
3200121322
In base 12, what is -5 - 3a78364?
-3a78369
In base 11, what is -11233191 - 5?
-11233196
In base 12, what is -3763 - -852?
-2b11
In base 8, what is -25734 - -1623?
-24111
In base 6, what is -1211253441 - -13?
-1211253424
In base 16, what is 4e3 - -25f0e?
263f1
In base 11, what is -10420518 - 3?
-10420520
In base 7, what is 15544056 + -236?
15543520
In base 8, what is 735177501 + 3?
735177504
In base 13, what is -13a87c0 - 17?
-13a8807
In base 12, what is 133963b5 - 2?
133963b3
In base 3, what is -110022212212101 - 2?
-110022212212110
In base 16, what is -17 - 172893?
-1728aa
In base 2, what is 10000101000011011100 - -10011?
10000101000011101111
In base 7, what is -13244444 + -1?
-13244445
In base 4, what is -300023 - 330211?
-1230300
In base 2, what is -1110010001111 + 10010011?
-1101111111100
In base 16, what is b15 + 2e84?
3999
In base 15, what is 37b + -3a07?
-367b
In base 9, what is 62021477 - 2?
62021475
In base 3, what is 1 + -101100021111?
-101100021110
In base 5, what is 10 + 321104424?
321104434
In base 7, what is -2460 - 65655?
-101445
In base 16, what is 427 - -17001?
17428
In base 12, what is 147aa693 + 2?
147aa695
In base 12, what is 3050168 + -21?
3050147
In base 16, what is -157f9f3 + 3?
-157f9f0
In base 14, what is 1d - -441871?
441890
In base 6, what is -14312530 + 2?
-14312524
In base 8, what is -560735 - 2030?
-562765
In base 8, what is 203351 - 1740?
201411
In base 3, what is -11 + -12101002010202?
-12101002010220
In base 12, what is 5 - 8071152?
-8071149
In base 10, what is -6732 - 3570?
-10302
In base 7, what is -1461342 - 32452?
-1524124
In base 7, what is -122566052 + 3?
-122566046
In base 10, what is 50425258 + 0?
50425258
In base 10, what is -8817851 + -3?
-8817854
In base 12, what is 22501604 + -5?
225015bb
In base 6, what is -1101503 + -1121?
-1103024
In base 7, what is 3036531 + -31?
3036500
In base 9, what is 601 - -30217?
30818
In base 5, what is -303020 + 2010?
-301010
In base 8, what is -23041435 + 74?
-23041341
In base 4, what is -111022130 + -202?
-111022332
In base 6, what is -155 - -5423443?
5423244
In base 11, what is -13a8883 - 2?
-13a8885
In base 11, what is 15a0042 - -6?
15a0048
In base 10, what is -676016547 - 4?
-676016551
In base 5, what is -10340210312 + 1?
-10340210311
In base 13, what is -30467031 - -9?
-30467025
In base 11, what is -20010 + -745?
-20755
In base 5, what is 440 + -1001433443?
-1001433003
In base 11, what is 56 + 3211684?
321172a
In base 7, what is -44 - 535640?
-536014
In base 14, what is 89db83 - -123?
89dca6
In base 12, what is 3a - 15674?
-15636
In base 10, what is 604712 + -965?
603747
In base 8, what is -2 + 1574364?
1574362
In base 7, what is 35014 + -1446?
33235
In base 9, what is 7702280 + -4?
7702275
In base 16, what is -1c2e856 + 5?
-1c2e851
In base 2, what is -1111110001100111010 - 0?
-1111110001100111010
In base 5, what is 311 + -13034220?
-13033404
In base 15, what is 355 - -38e?
6e4
In base 13, what is 6 - -78c3?
78c9
In base 2, what is -101111001001000 + -10010001000?
-110001011010000
In base 15, what is -d - -110729?
11071b
In base 4, what is 32 - 10111210232?
-10111210200
In base 7, what is -13 + -16365636?
-16365652
In base 10, what is -1138260 - 5?
-1138265
In base 10, what is 4 + -1684748?
-1684744
In base 7, what is -60061 - 36610?
-130001
In base 14, what is b274a - 2?
b2748
In base 3, what is -1 + 100002111112122000?
100002111112121222
In base 6, what is -1125332123 - -3?
-1125332120
In base 12, what is -3 - -1987605?
1987602
In base 7, what is -22502064 - -5?
-22502056
In base 5, what is -321321024041 + -1?
-321321024042
In base 2, what is -1000101110100101001 + -11010?
-1000101110101000011
In base 4, what is -2131 - -211121012?
211112221
In base 15, what is 1 + 24a69e3?
24a69e4
In base 14, what is -4 - 2939b4b?
-2939b51
In base 3, what is -1 + -10011101210200011?
-10011101210200012
In base 5, what is -3421303130 + -3?
-3421303133
In base 15, what is 661e26 + 34?
661e5a
In base 9, what is 44285 - -22222?
66517
In base 14, what is abc34 - 36?
abbdc
In base 10, what is 103 - -5772?
5875
In base 5, what is 144301222 - -2220?
144303442
In base 13, what is 2621c1 + -a?
2621b4
In base 10, what is -5 - 804727?
-804732
In base 10, what is 5498268 + -5?
5498263
In base 6, what is 13035 - 121125?
-104050
In base 5, what is -22332232224 - -1?
-22332232223
In base 3, what is -11 + 112112212121?
112112212110
In base 7, what is 23055 + 112124?
135212
In base 12, what is b7a + 2919?
3897
In base 15, what is -1d3ea6 + 6?
-1d3ea0
In base 2, what is 1010001001001111011 - 11101001?
1010001000110010010
In base 10, what is 53 + 363488?
363541
In base 6, what is 1551 - 22350451?
-22344500
In base 9, what is 37863 + 41534?
80507
In base 3, what is 1 + 120012000012001?
120012000012002
In base 9, what is -251 + 2603782?
2603531
In base 14, what is -18d9c0 + -